pose 0 = 5*d + u - 161, -3*u - 54 - a = -4*d. What are the prime factors of d?
3, 11
Suppose j - 4 = -17. Let g = -1 - j. List the prime factors of g.
2, 3
Suppose -2*s + 145 = -135. List the prime factors of s.
2, 5, 7
Let n(u) be the third derivative of -u**6/60 - u**5/10 + u**4/24 + 2*u**3/3 - 7*u**2. What are the prime factors of n(-4)?
2
Suppose 5*i = 10*i - 10. What are the prime factors of 6/i + -1 + 36?
2, 19
Let w(y) = y**2 + 11*y + 11. Let j be w(-10). What are the prime factors of -1 + j - (-12 - 8)?
2, 5
Let g(h) = h + 7. Let j be g(0). Let i be (4/(-6))/((-6)/27). Let o = i + j. What are the prime factors of o?
2, 5
Suppose -5*l + 14 - 4 = 0. Suppose l*w = 3*w. Suppose w = -4*m + 16 - 0. What are the prime factors of m?
2
Let d = -11 + 17. Suppose 0 = -2*n + d*n - 68. What are the prime factors of n?
17
Let c(u) = u - 2*u**2 + 4*u**2 + 5 - 6*u + 0*u**2. What are the prime factors of c(4)?
17
Let c(l) = 37*l**2 - 1. Let h be c(-1). Let q = -24 + h. List the prime factors of q.
2, 3
Let u(s) be the first derivative of -1/3*s**3 - 1/4*s**4 - 3 + 12*s + 0*s**2. List the prime factors of u(0).
2, 3
Suppose 0 = 6*h - 10*h - 472. Let u = -81 - h. List the prime factors of u.
37
Suppose u - 273 = -2*g, -u + 2*g + 281 = -0*u. What are the prime factors of u?
277
Suppose 2*z + 10 = 7*z. Suppose z*i = 5*j - j - 58, j - i = 16. List the prime factors of j.
13
Suppose 3*l + 62 = -31. Suppose -3*b = w + 43, 2*b - 3*w - 51 = 5*b. Let p = b - l. What are the prime factors of p?
2, 3
Let q be 4*(-1)/4*-2. Let v(r) = 0*r**2 + 0*r - r + r**2 + q. List the prime factors of v(3).
2
Let h = 20 - 18. List the prime factors of h.
2
Let j = 167 + -101. List the prime factors of j.
2, 3, 11
Let a = -1 + 3. Suppose 5*u + 49 = 2*g + a*u, 94 = 5*g + 2*u. List the prime factors of g.
2, 5
Let z(c) = -c + 1. Let i be z(-10). Let y = 24 - i. List the prime factors of y.
13
Let a(i) = -63*i. List the prime factors of a(-1).
3, 7
Suppose -138 = -13*d - 34. List the prime factors of d.
2
Let t be 2/2 + (5 - 2). Suppose -4*s - s = t*j + 65, -4*j - 63 = 3*s. List the prime factors of (12/j)/(2/(-5)).
2
Let s(q) = q**3 - 2*q**2 - 3*q - 2. Let a(c) = c**2 + 5*c + 3. Let g be a(-5). Let h be s(g). List the prime factors of (-1 - -15) + h/(-1).
2
Suppose -16 = -3*s + 44. List the prime factors of s.
2, 5
Let l(r) = 2*r - 3. Suppose 2*i = 5 + 9. What are the prime factors of l(i)?
11
List the prime factors of (36/(-15))/(-2 - (-216)/110).
2, 3, 11
Let r be (-3)/(-6)*(-1 + -1). Let v(x) = 30*x**2 - x - 1. List the prime factors of v(r).
2, 3, 5
Suppose c + 12 = 4*b, 5*b - 5*c = -1 + 31. Let t be (-1 - 1)*-4*b. Suppose -5 = q - t. What are the prime factors of q?
11
Suppose 0 = -2*a + 3*a - 63. Let g = a - 29. List the prime factors of g.
2, 17
Suppose y + x = -3*y - 16, -3*x + 8 = -2*y. Let d(i) = -i**3 + 4*i + 5*i**2 - i**3 + 3*i**3 + 5. What are the prime factors of d(y)?
5
Suppose -w + 2*k - 4 = 0, w - 5*k + 2 + 14 = 0. Let m = -2 + w. Suppose m*b = 4*u + 26, 3*b + 2*u - 36 = 7*u. What are the prime factors of b?
7
Let f = -1 + 3. Let h(n) = 10*n - 3*n**2 + 0 + 3*n**2 - n**f - 1. List the prime factors of h(9).
2
Let f(p) = -p**3 - p**2 - p + 2. Let k = 2 + -2. What are the prime factors of f(k)?
2
Let l(d) = d**2 + 7*d - 12. Let a be (-87)/(9/(-3)) + 0. Suppose -4*u + a = -f, -4*u + 9 + 29 = -2*f. What are the prime factors of l(f)?
2, 3
Suppose 3*v = 2*v + 151. What are the prime factors of v?
151
Suppose -2*m - 380 = -6*m. List the prime factors of m.
5, 19
Suppose -m + 26 = -14. Suppose -84 - m = -4*k. List the prime factors of k.
31
Suppose 396 + 249 = 5*z. Suppose 5*q = 3*h + z, 5*q - 6*h + 2*h = 127. What are the prime factors of q?
3
Let h = 4 + 26. Suppose -h - 5 = -5*s. What are the prime factors of s?
7
What are the prime factors of 4 - 1 - (-5 + -13)?
3, 7
Suppose 2*d + 5*w - 5 = 0, 5*d + 0*d = -3*w + 22. What are the prime factors of d?
5
Let k(z) = 4*z**2 - 8*z + 8. What are the prime factors of k(5)?
2, 17
Let y(u) = -21*u + 5. Let x be y(5). What are the prime factors of 3/(-2)*x/15?
2, 5
Let l = -19 + 41. List the prime factors of l.
2, 11
Let l(z) = z**3 + 4*z + 24. Let a(p) = -2*p**3 - 9*p - 47. Let o(r) = 4*a(r) + 9*l(r). What are the prime factors of o(0)?
2, 7
Suppose j - 2 = -14. List the prime factors of ((-78)/(j/(-4)))/(-1).
2, 13
Suppose -2*x + 3 + 1 = 0. Suppose 5*h = -3*f + 32, 0 = -f - 2 + 1. Let o = h - x. List the prime factors of o.
5
Let r = -22 + 12. Let g be 4/10 + (-116)/r. Suppose -2*y + 15 = 3*y - 5*f, -2*f - g = -4*y. List the prime factors of y.
3
Let o(n) = -3*n - 5. Let r be o(-6). List the prime factors of (1 - 2/1) + r.
2, 3
Suppose -3*u + 3 = 0, 5*h - 3*u = 3*h - 69. Let p = h - -54. What are the prime factors of p?
3, 7
Let y be (-14)/49 - (-24)/(-14). List the prime factors of (-19)/y*12/6.
19
Suppose 5 = 3*v - 2*v. Suppose -a = 4*y - 5*a + 4, -v*y + a = 1. Let x = y - -10. List the prime factors of x.
2, 5
Suppose 0 = -2*t + 5*z - 14, -4*t + t + z - 47 = 0. Let m = -10 - t. What are the prime factors of m?
7
List the prime factors of 4/6 + (-356)/(-6).
2, 3, 5
Suppose -3*s = -s - 146. List the prime factors of s.
73
What are the prime factors of (2 - -12 - 2)/((-4)/(-4))?
2, 3
Suppose 2*k - 19 = 5*a, 4*k - 2*k - 3*a - 13 = 0. List the prime factors of (-3 + k)/(-1) + 26.
3
Suppose 2*n = -5*s + 117, 0 = -0*s - s + 3. List the prime factors of n.
3, 17
Suppose m + 353 = j - m, j - 3*m - 350 = 0. What are the prime factors of j?
359
Let z = 8 - 4. Suppose -z*b + w - 5*w = -48, 0 = 3*b - w - 28. List the prime factors of b.
2, 5
Let q(g) = 6*g + 18. List the prime factors of q(17).
2, 3, 5
Let t(h) be the first derivative of -h**4/4 - 8*h**3/3 + 2*h**2 + 6*h + 3. Let m be t(-9). Suppose -m = -a - 2*a. What are the prime factors of a?
17
Suppose 0*x - 2*x + 100 = 0. Suppose -4*i = -18 - x. List the prime factors of i.
17
Let m(x) = x**3 - 20*x**2 - 15*x + 9. What are the prime factors of m(21)?
3, 5
Let o(u) = -u**2 + 25*u - 9. What are the prime factors of o(19)?
3, 5, 7
Let r(g) = -6*g**3 + 2*g + 1. Suppose s + 1 = -0*s. Let y be r(s). Suppose 2*l + 5 = -6*u + 3*u, 3*l + 9 = -y*u. List the prime factors of l.
2
Let u be (1*(3 + 1))/2. List the prime factors of 484/28 - u/7.
17
Suppose 0*n + n = 3. Suppose -r + 8 = 3*i - 3*r, -2*r + 10 = 0. What are the prime factors of n/i*(-12)/(-2)?
3
Let y = -21 + 37. List the prime factors of y.
2
Let y be (5 - 1)*2/4. Let s be 6/(-5)*(-60)/y. Let i = s - 26. List the prime factors of i.
2, 5
Let r be (2/1)/(1 + 0). List the prime factors of r/3 - (-32)/6.
2, 3
Let r(o) be the second derivative of -1/20*o**5 - 4/3*o**3 - 2*o + 3*o**2 - 2/3*o**4 + 0. What are the prime factors of r(-7)?
13
What are the prime factors of (-2)/4 - 403/(-26)?
3, 5
Suppose -10 = -f - 4. Let l be (4 - 6)*f/(-4). Suppose m = -m - 4, -l*a + 24 = 3*m. What are the prime factors of a?
2, 5
Let q(g) = g**2 - 5*g - 18. List the prime factors of q(9).
2, 3
Suppose -4*j - 4*w + 0 = 12, -2*j = -4*w - 24. Suppose j*f + f = 15. What are the prime factors of f?
5
Let d(i) = 6*i**3 - i**2 + i - 1. What are the prime factors of d(1)?
5
Let b be (1 - 0)/((-1)/53). Let t = 91 + b. What are the prime factors of t?
2, 19
Let b = 8 - 7. List the prime factors of 8 + (2 + b)*1.
11
Let h(f) = -f**3 - 3*f**2 - 5. Let s = -12 + 8. List the prime factors of h(s).
11
Let u be (-140)/(-21)*(2 + 1). Suppose -20 - 6 = 2*m + 2*v, -39 = 3*m - 2*v. Let t = u + m. List the prime factors of t.
7
Suppose -5*t + 165 = -150. What are the prime factors of t?
3, 7
Let z(n) = -51*n + 65. List the prime factors of z(-5).
2, 5
Suppose 22 = -q - 5*w, 3*q - 2*w = 2*w + 29. List the prime factors of q.
3
Let l be 87/5 - 2/5. What are the prime factors of l/3 - (-4)/(-6)?
5
Let n(y) be the first derivative of -y**3/3 - 7*y**2/2 + 1. List the prime factors of n(-3).
2, 3
What are the prime factors of (-3)/1 - (-440)/5?
5, 17
Let p(f) = f + 1. Let g be p(3). Let i be g/(-18) + (-87)/(-27). Suppose -i*y = -y - 14. What are the prime factors of y?
7
Let t(b) = -3*b**3 - 5*b**2 + 6*b + 9. List the prime factors of t(-4).
97
Suppose 6*r - 7*r + 118 = 0. List the prime factors of r.
2, 59
Suppose 6 = 5*r + 36. Let u(f) = f**3 + 6*f**2 - 5*f - 8. Let h be u(